{"id":265,"date":"2020-05-19T08:53:48","date_gmt":"2020-05-19T06:53:48","guid":{"rendered":"https:\/\/rahneducation.torutecwiki.com\/?page_id=265"},"modified":"2020-08-05T14:57:54","modified_gmt":"2020-08-05T12:57:54","slug":"impressum","status":"publish","type":"page","link":"https:\/\/rahneducation.torutecwiki.com\/?page_id=265","title":{"rendered":"Impressum"},"content":{"rendered":"\n<h2>Angaben gem\u00e4\u00df \u00a7 5 TMG:<\/h2>\n\n\n\n<p>TORUTEC GmbH<\/p>\n\n\n\n<h3>Postanschrift:<\/h3>\n\n\n\n<p>Rathausstra\u00dfe 2<br>31608 Marklohe<\/p>\n\n\n\n<h3>Kontakt:<\/h3>\n\n\n\n<p>Telefon: +495021 89407 0<br>E-Mail: info@torutec.com<\/p>\n\n\n\n<h3>Vertreten durch:<\/h3>\n\n\n\n<p>Gesch\u00e4ftsf\u00fchrer: Torben Runge<\/p>\n\n\n\n<h3>Eingetragen am<\/h3>\n\n\n\n<p>Registergericht: Walsrode<br>HRB 205087<\/p>\n\n\n\n<h3>Umsatzsteuer-Identifikationsnummer<\/h3>\n\n\n\n<p>DE 296142016<\/p>\n\n\n\n<h2>Hinweise zur Website<\/h2>\n\n\n\n<h2>Information gem\u00e4\u00df \u00a7 36 VSBG<\/h2>\n\n\n\n<p>Gem\u00e4\u00df \u00a7 36 VSBG (Verbraucherstreitbeilegungsgesetz \u2013 Gesetz \u00fcber die alternative Streitbeilegung in Verbrauchersachen) erkl\u00e4rt der Betreiber dieser Website:<\/p>\n\n\n\n<p>Wir sind weder bereit noch verpflichtet, an Streitbeilegungsverfahren vor einer Verbraucherschlichtungsstelle teilzunehmen.<\/p>\n\n\n\n<p><em>Das Impressum wurde mit dem <a href=\"https:\/\/www.activemind.de\/datenschutz\/impressums-generator\/\">Impressums-Generator der activeMind AG<\/a> erstellt.<\/em><\/p>\n","protected":false},"excerpt":{"rendered":"<p>Angaben gem\u00e4\u00df \u00a7 5 TMG: TORUTEC GmbH Postanschrift: Rathausstra\u00dfe 231608 Marklohe Kontakt: Telefon: +495021 89407 0E-Mail: info@torutec.com Vertreten durch: Gesch\u00e4ftsf\u00fchrer: Torben Runge Eingetragen am Registergericht: WalsrodeHRB 205087 Umsatzsteuer-Identifikationsnummer DE 296142016 Hinweise zur Website Information gem\u00e4\u00df \u00a7 36 VSBG Gem\u00e4\u00df \u00a7 36 VSBG (Verbraucherstreitbeilegungsgesetz \u2013 Gesetz \u00fcber die alternative Streitbeilegung in Verbrauchersachen) erkl\u00e4rt der Betreiber dieser [&hellip;]<\/p>\n","protected":false},"author":1,"featured_media":0,"parent":0,"menu_order":0,"comment_status":"closed","ping_status":"closed","template":"","meta":[],"_links":{"self":[{"href":"https:\/\/rahneducation.torutecwiki.com\/index.php?rest_route=\/wp\/v2\/pages\/265"}],"collection":[{"href":"https:\/\/rahneducation.torutecwiki.com\/index.php?rest_route=\/wp\/v2\/pages"}],"about":[{"href":"https:\/\/rahneducation.torutecwiki.com\/index.php?rest_route=\/wp\/v2\/types\/page"}],"author":[{"embeddable":true,"href":"https:\/\/rahneducation.torutecwiki.com\/index.php?rest_route=\/wp\/v2\/users\/1"}],"replies":[{"embeddable":true,"href":"https:\/\/rahneducation.torutecwiki.com\/index.php?rest_route=%2Fwp%2Fv2%2Fcomments&post=265"}],"version-history":[{"count":1,"href":"https:\/\/rahneducation.torutecwiki.com\/index.php?rest_route=\/wp\/v2\/pages\/265\/revisions"}],"predecessor-version":[{"id":266,"href":"https:\/\/rahneducation.torutecwiki.com\/index.php?rest_route=\/wp\/v2\/pages\/265\/revisions\/266"}],"wp:attachment":[{"href":"https:\/\/rahneducation.torutecwiki.com\/index.php?rest_route=%2Fwp%2Fv2%2Fmedia&parent=265"}],"curies":[{"name":"wp","href":"https:\/\/api.w.org\/{rel}","templated":true}]}}